05. Let t = w - -40. Is t composite?
False
Suppose 5*v + 209 - 769 = 0. Let u = -205 + v. Is u/(-9) + 4/6 a prime number?
True
Is (3878/(-28))/((-1)/14) a composite number?
True
Suppose 2*h + 10 = 2*j, 0*j - 20 = -4*j + h. Suppose 4 = j*l - 71. Is ((-21)/l - -1)*-155 prime?
False
Let f = 2 + -1. Let h(d) = 3*d - 1. Let n be h(f). Is 129 + -2 + n - -2 a prime number?
True
Suppose 7 = -0*i + i. Suppose -2*h - 4*g - g - i = 0, -5*h - 5*g = -5. Suppose -h*p - 15 = -x - 2, -5*p + 26 = 2*x. Is x prime?
True
Let n(m) = 49*m**2 - 11*m - 73. Is n(-6) composite?
True
Let a(w) = w**3 + 9*w**2 + 9*w + 7. Suppose 2*m = 3*s - 1, -3*m - 3*s = -4*s + 19. Let j be a(m). Is (-48 - j)*(-2 - -1) a prime number?
True
Let l(i) = -12 + i - 6*i + 3*i. Let k be l(-8). Suppose -4*b = p - 194, -3*b = k*p - 7*p - 153. Is b prime?
False
Let g = 1001 - 631. Suppose -3*n + g = -n. Is n a prime number?
False
Suppose -6 = 5*i - 16. Suppose d - 231 = -i*d. Is d composite?
True
Suppose -4*q = -10274 + 846. Is q a composite number?
False
Let q be 6*-2*1/(-6). Suppose 0*w - q = -w. Suppose -n - 47 = -5*i, 0*i - w*n + 56 = 5*i. Is i prime?
False
Let a(u) = -u**3 + 7*u**2 + 10*u - 1. Suppose -j + 22 = i, 0 = 6*i - 5*i - 3*j - 34. Let s be 10/i - 38/(-5). Is a(s) prime?
False
Suppose -2*t + 7920 = -1202. Is t prime?
True
Is (14/4)/(3/4854) a composite number?
True
Suppose 0 = 4*r - r + 15. Let x = 7 + r. Is x composite?
False
Suppose -2*n + 2551 = -243. Is n a composite number?
True
Let j be (-105)/18 + (-3)/18. Let y(a) = -136*a - 3. Let f be y(j). Suppose 493 = 3*o + 4*z - 0*z, -2*z - f = -5*o. Is o a composite number?
False
Suppose -s - 6 = s, 5*s + 477 = 3*v. Let w = 57 + v. Is w a composite number?
False
Let v = -27 + 38. Suppose -7 = -m - 4*r, 0 = -2*m - 3*m + 4*r + v. Is 127 + -2 + m + -1 a composite number?
False
Let b(d) = 75*d**3 - d**2 + d - 1. Let j = 4 - 3. Is b(j) composite?
True
Let f be (-16)/3 - (-4)/(-6). Let v(m) = m**2 + 14*m + 4. Let z be v(f). Let t = z + 69. Is t prime?
False
Let a(s) = s**2 + 12. Is a(-9) composite?
True
Let w be 3 + -2 + (1 - -10). Let z be (w/(-10))/((-6)/20). Suppose 0*o = -z*o + 44. Is o prime?
True
Is 3066/10 + 18/45 prime?
True
Is (-8595)/6*6/(-9) composite?
True
Suppose p = -3*a + 37, 71 = -0*p + 2*p + 3*a. Is 0 + (1*p)/1 composite?
True
Let d be 1/(1/(-4)*-1). Suppose -3*s - 4 + 1 = -5*j, 4*s - d*j - 4 = 0. Suppose s*g - 156 = 2*n, 5*g + 67 = -5*n + 232. Is g a composite number?
False
Let b = -46 + 443. Is b a composite number?
False
Suppose 5*w + 3*g = -22, -5*w + 5*g - 32 + 2 = 0. Let t be (4/w)/((-1)/5). Suppose t*o = -0*n + n - 41, 2*n - 5*o - 67 = 0. Is n a prime number?
False
Suppose 5*w - 23 = 4*j, 4*w + 0*w = 3*j + 18. Let t(y) = 7 - w - 10*y + y**3 + 0*y + 8*y**2. Is t(-9) prime?
True
Let k = -552 + 997. Suppose u = 2*b - k, -2*b - u + 6*u = -457. Is b a prime number?
False
Suppose j - 3*t - 1 = 0, -10 = -2*j - j + 2*t. Suppose 5*v = -i + 396, v - 88 + 13 = j*i. Is v a composite number?
False
Let d(g) = 5*g**3 + 3*g**2 + 6*g + 7. Let w(r) = 9*r**3 + 7*r**2 + 11*r + 14. Let t(h) = 7*d(h) - 4*w(h). Let l = 5 + -12. Is t(l) composite?
False
Suppose -2 = d - 4. Suppose 5*v - 863 + 229 = -d*h, 4*v - 323 = -h. Is h prime?
True
Let u(m) = -2*m**2 + m + 1. Let r be u(5). Let g = 13 + r. Let k = g + 68. Is k composite?
False
Let a(w) be the second derivative of 49*w**4/6 - 2*w**3/3 + w**2 + 3*w. Let r be a(2). Suppose -4*x + 959 = x - 2*n, -2*n = -2*x + r. Is x a prime number?
True
Let d be (-2)/(-4)*(14 - 0). Let q(h) = 4*h**2 - 3*h + 10. Is q(d) a prime number?
False
Suppose 2*o + 283 = 3*o - 5*d, 5*o = -4*d + 1270. Suppose b + o = 2*u + 5*b, -3*b - 505 = -4*u. Is u prime?
True
Is 244395/165 - 2/11 prime?
True
Let j(d) = -d**2 - 2*d + 4. Let a be j(-3). Suppose 2*l + a = 5*k + 7, 4*l = k + 12. Suppose -l*x = -x - 14. Is x composite?
False
Let s(q) = 4*q**2 + 15*q + 10. Let n(l) = -l**2 - l. Suppose 1 = z - 1. Let b(f) = z*n(f) + s(f). Is b(-8) prime?
False
Suppose 8 = 2*h + 4*z - 40, 4*h - 84 = -2*z. Suppose x + 4*q = -0*x - 4, -3*q = -5*x - h. Let v(a) = a**3 + 6*a**2 + 6*a + 6. Is v(x) composite?
True
Suppose -2*i - 2*i = -8. Suppose -2*m = i*m - 16. Suppose -3*l = n - 4*l - 76, 0 = 2*n + m*l - 170. Is n a composite number?
False
Is 1 - (-4 + -77 - -5) composite?
True
Let j(n) = 4*n**3 - 4*n**2 - 24. Let t(f) = -f**3 + f**2. Let r(d) = j(d) + 3*t(d). Let b be r(0). Let a = -9 - b. Is a a composite number?
True
Let t(j) = 215*j. Is t(1) prime?
False
Let a = -1 + -5. Let t(j) = -j**3 - 4*j**2 + 7*j - 6. Let d be t(a). Suppose 5*y - d = 26. Is y a prime number?
False
Suppose 0 = -2*f + 2*a + 3*a + 215, 2*f + 2*a - 180 = 0. Let y = 32 + f. Is y a prime number?
True
Suppose -5*z + n + n - 806 = 0, 3*z + 489 = 3*n. Is (z + 2)/(-1 - 1) prime?
True
Suppose j - 317 = 2*p + p, 2*p + 1288 = 4*j. Let i = j + -66. Is i a composite number?
False
Suppose s - 6*s + 30 = 0. Let m = 0 - 0. Suppose 3*b - s*b + 21 = m. Is b a prime number?
True
Let d = -2037 - -4816. Is d prime?
False
Suppose 3*v = -d - 16, -5*v = -3*v + 10. Let i be (-1*2 + 6)*d. Let p = i - -7. Is p a composite number?
False
Suppose 21*g = 19*g + 14242. Is g a prime number?
True
Suppose 4*a + 422 = 6*a. Is a prime?
True
Let s(y) = -565*y**3 - y + 1. Let o be s(1). Is (8/(-10))/(2/o) composite?
True
Let o be 2/(-4) + 8710/20. Suppose -3*t + o = 2*t. Is t composite?
True
Let l = -119 + 202. Is l a prime number?
True
Let q = -163 + 266. Suppose -v + q = 6. Is v a prime number?
True
Let p = 199 - -13. Let w(a) = a**2 + 5*a - 10. Let f be w(-7). Suppose k - f*u + p = 5*k, -5*k - 3*u = -269. Is k a composite number?
True
Let l(f) = -f**3 + 4*f**2 + 7*f - 1. Is l(-6) a prime number?
True
Suppose 0 = 3*q - 9. Suppose q*i + 108 = 7*i. Suppose -i = -z + 4*u, 4*z = 2*u + 289 - 111. Is z composite?
False
Let i = -1 + -3. Let y be i/(-8)*(-1 + 1). Suppose y = 5*h - 69 - 36. Is h prime?
False
Let u = 373 + -78. Is u composite?
True
Suppose 3*x - 322 = x. Is x a prime number?
False
Let j = -83 - -478. Is j a prime number?
False
Let s(p) = -p**3 - 6*p**2 - p - 3. Let u be s(-6). Is (u + -2)/(2/46) prime?
True
Let x(j) = 9*j**2 - 5*j + 2. Let d(n) be the second derivative of n**3/6 - n**2/2 - 3*n. Let z(s) = 3*d(s) + x(s). Is z(2) composite?
False
Suppose 5*u = -w + 1869, 2*w = 5*w - 3*u - 5679. Is w a prime number?
True
Let o be (-5)/10 + 19/(-2). Let r(x) = -x**3 - 9*x**2 + 11*x + 12. Let c be r(o). Suppose -4*z - 156 = -4*v, -c*z - 19 = 2*v - 89. Is v composite?
False
Suppose -11 = -5*q + 9, 0 = t - 2*q - 289. Suppose 92 = -r + t. Is r prime?
False
Suppose 146 = 2*f + 3*o, 0*f = f - 5*o - 99. Is f a composite number?
False
Let m = -77 - -47. Let d = 37 - m. Is d a composite number?
False
Let r be 1 + 0/(1/(-1)). Suppose 105 = 3*v + 3*f, -4*f + 77 + r = 2*v. Is v prime?
True
Let w = -2 - -6. Is w prime?
False
Let c = -140 + 237. Is c composite?
False
Suppose 0 = -2*v - 6 + 22. Let b(p) = 7*p + 8 - v*p - 20 + 8*p. Is b(9) prime?
False
Let f = 618 - 239. Is f prime?
True
Let s be (-5)/(-7) + (-18)/(-63). Is s - (-92 + (0 - -2)) composite?
True
Let y be (-3)/(-15) + (-9)/(-5). Suppose 0*d = y*d. Suppose d*c - 3*c + 57 = 0. Is c composite?
False
Suppose 12 = 2*k + 3*w, -2*k + 7*k + 2*w - 19 = 0. Suppose 10 = -k*r - 2*y + 84, 3*y + 71 = 2*r. Suppose 3*c - r = 17. Is c a prime number?
False
Let v be (0/(-1) - -3) + 16. Let b(d) = -d - 15. Let n be b(-7). Let l = n + v. Is l a composite number?
False
Suppose -562 = a + 2*c, -20 = -2*c + 7*c. Let u be 2/(-8) - a/8. Suppose 3*i = -3*w + u, -10 = 6*i - i. Is w a composite number?
True
Let r(l) = -l**3 - 3*l**2 + 5. Is r(-7) a prime number?
False
Suppose -4*j - 5*a + 231 - 59 = 0, j = -3*a + 43. Is j a composite number?
False
Let n(r) = 71*r**2 - 4*r - 1. Is n(-2) prime?
False
Let k be 1*9/6*508. Let d be (-4)/3*k/(-4). Suppose d = -2*t + 4*t. Is t composite?
False
Suppose 4*s = -c + 4275, 0*s + 5*s - 5347 = 2*c. Is s composite?
False
Let a be ((-2)/3)/((-2)/(-342)). Is ((-4)/(-6))/((-4)/a) prime?
True
Let c = 26 - 16. Let o = c - -27. Is o prime?
True
Let q(r) = -r**3 + 16*r**2 - 26*r + 18. Is q(11) prime?
True
Let i = 123 + 274. Is i prime?
True
Suppose -2138 = -5*a + 1137. Is a composite?
True
Let k(w) = -w**3 + 8*w**2 + 5*w + 5. Let b = -18 - -25. 